ulate the remainder when k is divided by (34/17)/((-2)/(-15)).
13
Suppose 0 = r + 4*c - 4, 2*c = r - 0*c - 4. Suppose -2*t + r*d - 14 = 0, 2*t + 3*d - 10 = d. What is the remainder when t/(-4) - (-414)/24 is divided by 9?
8
Let s(b) = b**2 + 10*b - 49. Calculate the remainder when s(11) is divided by 46.
44
Let c be (-32)/(-12) + 4/(-6). Suppose -3*a + 35 = 4*g, c*g - 3*g + 15 = 2*a. Calculate the remainder when (-62)/(-8) + 1/4 is divided by a.
3
What is the remainder when 98 is divided by (30/8)/((-21)/(-140))?
23
Suppose -2*h + 4*u = -14, -3*h + 0*u - 24 = 3*u. Let i(o) = o**3 + 5*o**2 + 2*o - 1. What is the remainder when 20 is divided by i(h)?
9
Let b(m) = m**2 - 2*m + 2. Let z be b(2). Suppose 108 = z*v - 2*g, -5*g - 16 = -1. Calculate the remainder when v is divided by 26.
25
Let x = 11 - 28. Let j = 25 + x. Let u = 6 - 3. What is the remainder when j is divided by u?
2
Suppose 3*s - 290 - 55 = -5*l, -4*s - 69 = -l. Calculate the remainder when l is divided by 18.
15
Let p be 1/(-4) + 2/8. Suppose -3*i = -15 - p. What is the remainder when 9 is divided by i?
4
Let d = -6 + 13. Let u = 0 - -3. Suppose u*z - z + 4*x = 42, 3*x + 1 = z. What is the remainder when z is divided by d?
6
Let o(x) = 6*x - 25. What is the remainder when 57 is divided by o(9)?
28
Let o(x) be the first derivative of 3*x**2 + x - 5. Calculate the remainder when 24 is divided by o(2).
11
Suppose -100 = 6*a - 10*a. Calculate the remainder when a is divided by 14.
11
Let g be 272/10 + 2/(-10). Suppose 3*w + 9 - g = 0. Calculate the remainder when w is divided by 2.
0
Let d(x) = x**3 + 14*x**2 + 14*x. Let n be d(-13). Let a = n + 19. What is the remainder when a is divided by 3?
0
Suppose -33 - 88 = -11*f. What is the remainder when (-2 + 1)*(-42 + -1) is divided by f?
10
Let f be (2/(-5))/(2/30). Let q be f/4*8/(-6). Suppose -q*a + 69 = a. Calculate the remainder when a is divided by 12.
11
Let o = 18 - 9. Suppose -5*z + o = 2*d - 4, -2*d - 5 = -z. Let x(w) = 5*w - 2. What is the remainder when x(z) is divided by 7?
6
Suppose 2*g + 2 = 6. Suppose -g*d + 4*m = -106, -3*d - 6 = 5*m - 220. What is the remainder when d is divided by 16?
15
Calculate the remainder when 45 is divided by (-20)/70 + 170/7.
21
Let f(y) = y**2. Suppose -4*d = -d - 3. Suppose -4*m = -2*z + 2, -z + 6 = 5*m - 2*m. What is the remainder when f(d) is divided by m?
0
Let i be (-36)/28 - 4/(-14). Let y be ((-6)/12)/(i/10). Suppose y - 4 = p. Calculate the remainder when p is divided by 1.
0
Let y(o) = -2*o - 5. Calculate the remainder when y(-6) is divided by 2.
1
Calculate the remainder when 21 is divided by (0 - -3)/(-1) - (-17 - 1).
6
Let f(r) = 4 + 0 + 2 + 5*r - r**2. Let j be f(6). Calculate the remainder when 17 is divided by (1 - -5)/(j - -1).
5
Let t(v) = -16*v - 6. Let y be t(-5). Suppose -4 = 5*g - y. What is the remainder when 68 is divided by g?
12
Suppose -2*j + 29 = w - 3*j, -3 = -j. Suppose 5*s = s + 68. What is the remainder when w is divided by s?
15
Let m(c) = c**2 - 2*c - 1. Let s be m(3). Suppose 7*d = s*d + 2*g + 7, -4*d = -g - 8. What is the remainder when 7 is divided by d?
1
Let z = -3 + 1. Let s = 0 - z. Let f(i) = -2*i + 24. What is the remainder when f(11) is divided by s?
0
Let w be ((-8)/(-10))/((-5)/((-25)/(-2))). Suppose -4*m + 0 - 4 = 0. Calculate the remainder when 20 is divided by 2 + ((-3)/m - w).
6
Let f(c) = -c**3 - 5*c**2 - 5*c - 5. Let s be f(-4). Let w(v) = -5*v**3 + v**2 - v - 1. Let m = -2 + 13. Calculate the remainder when m is divided by w(s).
5
Let i(k) = k**2 + 7*k - 12. Calculate the remainder when 25/2*4/5 is divided by i(-9).
4
Let y(o) = -16*o - 14. Let t(g) = 5*g + 5. Let s(r) = -10*t(r) - 3*y(r). What is the remainder when 14 is divided by s(-8)?
6
Let h(l) = l**2 + 2*l. Let z be h(-4). Let m(d) = d**2 - d - 9. Let y(c) = 5*c - 4. Calculate the remainder when m(z) is divided by y(4).
15
Let o = -10 - -6. Let a = o + 7. Suppose 0 = -3*g + a*i + 96, -4*i - 21 = -3*g + 77. What is the remainder when g is divided by 16?
14
Suppose -3*h + 24 = -4*h. Let x = h - -45. What is the remainder when x is divided by 12?
9
Let j(b) = 12*b**2 + 2*b + 1. What is the remainder when j(-1) is divided by 3?
2
Suppose -4*q + 51 = -137. What is the remainder when 137 is divided by q?
43
Suppose -4*w + 37 = 2*g + 3*g, -2*w + 21 = 3*g. Suppose -5 = -w*i + 43. What is the remainder when i is divided by (-6)/(-4) - 18/(-4)?
4
Let j(u) = 15*u + 2. Let t = 8 + -16. Let z = -6 - t. Calculate the remainder when j(z) is divided by 17.
15
Suppose -i - 2*i + 63 = -3*a, -a = 4*i - 94. Calculate the remainder when 89 is divided by i.
20
Let o(u) = 55*u + 4. Calculate the remainder when o(1) is divided by 31.
28
Suppose 0 = -d + 3*s - 31, 32 + 41 = -3*d + 5*s. Let q = -2 - d. Let p(t) = -t**3 - 2*t**2 + 7*t + 1. Calculate the remainder when p(-5) is divided by q.
13
Let q(g) = g**3 - 6*g**2 + 8. Let b be 4/14 + (-200)/(-35). What is the remainder when (44/16 - 0)*8 is divided by q(b)?
6
Let b be (-26)/(-4) - (-1)/(-2). Suppose -w - 9 = -4*w. Let s = b - w. What is the remainder when 8 is divided by s?
2
What is the remainder when 46 - (-3 + (0 - -1)) is divided by 17?
14
Suppose -23 = -l - 3*k, -5*k + 20 = -0*k. Suppose 5*y - 5 = 10. Calculate the remainder when l is divided by y.
2
Let r = -407 + 290. Let p = r + 173. Let v(z) = -4*z - 5. What is the remainder when p is divided by v(-6)?
18
Suppose 3*r - 11 - 130 = 0. What is the remainder when r is divided by 12?
11
Let h(m) = 3*m - 1. Let s be h(2). Suppose 4*y = y - 2*q + 61, -43 = -4*y + s*q. Calculate the remainder when (0 + -1)*(-66)/2 is divided by y.
16
Suppose i - 38 = 2*n, 0*n + 2*n - 18 = -i. What is the remainder when i is divided by 8?
4
Let x = -12 - -26. Calculate the remainder when x is divided by 4.
2
Suppose -60 = -3*y - y. Suppose 65 = 5*v - c, 5*v - y - 40 = 3*c. Calculate the remainder when 40 is divided by v.
12
Suppose 2*q = 6*q. Let w = q - -3. Calculate the remainder when 11 is divided by w.
2
Suppose 2*k - 5*k + 57 = -5*o, -27 = -3*k - 5*o. Let m(x) = -x**2 + 1. Let h be m(2). What is the remainder when k is divided by -3*(11/h - -1)?
6
Let a = -51 - -213. Suppose 5*y = 3*l - 5*l + a, -2*y - 2*l = -66. Suppose 2*m - 7 = -p + 3*m, 5*p = -4*m + 71. Calculate the remainder when y is divided by p.
10
Let p = -76 - -175. Calculate the remainder when p is divided by 26.
21
Let r be -21*(2 - 16/6). Let k be 5/((-5)/r)*1. What is the remainder when (-2)/7 + (-438)/k is divided by 16?
15
Let w(g) = -g**2 - 6*g - 3. Let a be w(-4). Let j(m) = -m**3 + 7*m**2 - 3*m - 5. What is the remainder when j(a) is divided by 17?
13
What is the remainder when (69/6)/((-1)/(-2)) is divided by 8?
7
Let v(u) = u**3 - 5*u**2 + 2*u - 2. Let n be v(2). Let t = 456 - 231. Calculate the remainder when 28 is divided by (4/(-6))/(n/t).
13
Let k = -126 + 189. Suppose 66 = 6*h - 3*h. What is the remainder when k is divided by h?
19
Suppose -22 = -p + 10. What is the remainder when p is divided by 7?
4
Let a(h) = -5 + 7*h - h - 1 - 2*h. Calculate the remainder when 64 is divided by a(7).
20
Let o(k) = -k**2 + 11*k - 12. Let r be o(9). Let u be (-3)/(r/(-10) + 0). Suppose 2*q + 1 = u. What is the remainder when 3 is divided by q?
1
Let j(v) = 3*v**3 + v**2 - 3*v + 3. Suppose 5*i = 5 + 20. Let l = i - 3. Calculate the remainder when j(l) is divided by 13.
12
Let t(b) = -b**2 - 5*b + 7. Let z(c) = -13*c**3 - c - 1. Let y be z(-1). Let k = y + 6. What is the remainder when k is divided by t(-5)?
5
Suppose -5*h + 69 = -m - 1, -3*h + 4*m + 42 = 0. Calculate the remainder when 27 is divided by h.
13
Suppose -3*x - x = 2*c - 134, -5*x - 2*c = -170. What is the remainder when x is divided by 13?
10
Let q = -64 - -26. Let w = -25 - q. What is the remainder when 51 is divided by w?
12
Let m(d) = -2*d**2 + 5*d - 3. Let n be m(3). Let v = n - -18. What is the remainder when 23 is divided by v?
11
Let b be (-1)/2*(1 - 3). Let k be (-6 - -6)/(0 + b). What is the remainder when 6 is divided by k*(-1)/(-3) - -3?
0
Let m(l) be the second derivative of l**3/3 - l**2/2 - 3*l. What is the remainder when 43 is divided by m(8)?
13
Suppose -3*i + 5*w + 235 = -0*i, 2*i + 3*w = 144. Calculate the remainder when i is divided by 19.
18
Suppose -2*r + 4 = -4, 4*t - 8 =